a(y) = -1077*y + 546*y + 488*y + 204. Let i be a(5). What is u(i)?
1
Let n(r) = 2*r - 7*r + 4*r + 4 + 4*r. Let o be n(0). Let t(i) be the third derivative of i**4/24 - 5*i**3/6 - 11*i**2. Give t(o).
-1
Let w(b) = 43*b - 114. Let i(v) = 318*v - 797. Let s(u) = -2*i(u) + 15*w(u). What is s(12)?
-8
Let x(n) = 16*n**2 - 31*n + 55. Let k(m) = -3*m**2 + 6*m - 11. Let w(i) = 11*k(i) + 2*x(i). What is w(3)?
-8
Let a(n) = -n**3 + 26*n + 4. Let h be a(5). Let v(b) = -2*b + 7. Determine v(h).
-11
Suppose -7 = -3*i - 4, 2*x + 2*i = -680. Let g = 344 + x. Let w(l) = -9*l + 1. Determine w(g).
-26
Let h(i) = i**2 + 13*i. Let t(p) = 3*p**3 + p**2 - 3*p. Let c be t(-2). Calculate h(c).
14
Suppose 0 = -3*a - a + 32. Let j be a + 3/(6/(-4)). Let t(o) be the first derivative of -o**4/4 + 7*o**3/3 - 4*o**2 + 5*o + 109. Give t(j).
-7
Suppose -61*d - 170 = -71*d. Let w(i) = i**3 - 16*i**2 - 13*i - 69. Let p be w(d). Let u(m) = -20*m**3 - m. Calculate u(p).
21
Suppose 5*p - 2*u - 9 = 0, -p + 83 = -3*u + 89. Let h(a) = -8 - 3*a + 25 - 13. Determine h(p).
-5
Let n(r) = 5*r + 5. Let d(t) = -14*t - 14. Suppose 3*b = b + 34. Let z(j) = b*n(j) + 6*d(j). Suppose -8 = -x - x. What is z(x)?
5
Let z(t) = 7*t**2 + 2*t + 11. Suppose 5*c - 3*u + 36 = 0, 0 = 3*c + 3*u - 0 + 12. Let q(a) = 20*a**2 + 5*a + 32. Let d(s) = c*q(s) + 17*z(s). Give d(-4).
-37
Suppose 0 = 2*n - 0*n + 490. Let j = n + 242. Let p(g) = 0*g**3 + 3*g - 7*g - 31*g**2 - 2 + 25*g**2 - g**3. Determine p(j).
-17
Let t be ((-119)/(-35))/(3*1/15). Let k(d) = -12*d**2 - 14*d. Let y(b) = -4*b**2 - 5*b. Let j(c) = t*y(c) - 6*k(c). What is j(-1)?
5
Let a(d) be the second derivative of 13*d**4/12 - d**3/6 - d**2/2 - d. Suppose -14*c + 19 - 5 = 0. Suppose -4*x = 4*u + 20, x + c = -68*u + 71*u. Give a(u).
13
Let j(h) be the first derivative of 4 - 1/2*h**2 - 1/4*h**4 + 5/3*h**3 - 4*h. Suppose 0*b = -5*f + 5*b + 35, -3*f - 5*b = 3. What is j(f)?
8
Let v(d) = -10*d**3 - 2*d**2 + 8*d**2 + 3011 + 9*d**3 - 3026 + 3*d**2. Calculate v(9).
-15
Let k(x) = -2*x**2 + 9*x - 4. Let b(s) = -s**3 - 11*s**2 - 19*s + 59. Let j be b(-5). What is k(j)?
0
Let x(s) = -33*s + 1. Let f = -571 + 331. Let y = f - -241. Determine x(y).
-32
Let l(q) = 32*q + 47. Let m(j) = 19*j + 24. Let v(c) = -6*l(c) + 10*m(c). Calculate v(-22).
2
Let h(u) = 7*u + 7. Let j(k) = -k - 1. Let f(z) = -z + 17. Let b be f(11). Let g(n) = b*j(n) + h(n). Let v(t) = -t**2 - 34*t - 64. Let s be v(-2). What is g(s)?
1
Suppose 0 = 2*z + 4*z + 6. Let g(y) = 13*y**3 + 8*y**2 - 9. Let k(o) = 2*o**3 + 3*o**2 - 3. Let s(u) = -g(u) + 3*k(u). Give s(z).
8
Let m(v) = -7*v**3 - 36*v**2 - 24*v - 1. Let y(u) = -27*u**3 - 142*u**2 - 96*u - 8. Let c(o) = 23*m(o) - 6*y(o). Determine c(-23).
2
Suppose 27*k + 244 - 2620 = 0. Suppose 0 = 12*y + 10*y - k. Let f(s) = 2*s**2 - 6*s. Calculate f(y).
8
Let y(b) = b**2 + 48*b + 100. Suppose -448*n + 146*n = 13892. Determine y(n).
8
Let l = 42 + -40. Suppose -40 - l = -3*q. Let k(b) = b - 5*b**2 + 2 - 5*b**3 + q*b**3 - 8*b**3. Determine k(3).
-13
Let m(k) be the second derivative of -k**7/2520 - k**5/20 + 23*k**4/3 - 3*k - 2. Let x(y) be the third derivative of m(y). Give x(-5).
-31
Let z = 476 + -470. Let m(b) = 3*b**2 - z*b**2 - b**3 - b**2 + 5*b**2 + 7*b + 5 - 5*b**2. Give m(-4).
-23
Let d = 49 + -54. Let f(l) = -l**2 + 4*l - 7. Let y(k) = -k. Let t(n) = d*y(n) - f(n). Determine t(-5).
27
Let k be (2 - 16/6)/((-6)/252). Let y = k + -21. Let x(q) be the first derivative of q**4/4 - 2*q**3 - 2*q**2 - 10*q - 88. Give x(y).
11
Let b(n) = -6*n - 24. Let r be 98/25 - 26/(-5200)*16. Determine b(r).
-48
Let z(g) = -g**3 - 17*g**2 + g + 13. Let m be 204/8*((-261)/27 - -9). What is z(m)?
-4
Let b(z) = 27*z**2 + 14*z + 3. Let n(j) = -j**2 - 9*j - 11. Let d be n(-9). Let c(g) = -9*g**2 - 5*g - 1. Let s(w) = d*c(w) - 4*b(w). Determine s(-1).
-9
Suppose 4 = 4*r, 4*m - 79 = -5*r + 2*r. Let h(k) = k**2 - 17*k - 1. Calculate h(m).
37
Let w = 18821 - 18817. Let j(q) be the second derivative of 1/12*q**w + 0 + 9/2*q**2 - 5/3*q**3 - 25*q. Calculate j(6).
-15
Let v(f) be the second derivative of 2*f**3 - 91*f**2 + 6134*f. What is v(16)?
10
Let q(a) = 236*a - 164. Let k(y) = -349*y + 248. Let o(g) = -5*k(g) - 7*q(g). Determine o(1).
1
Let c(i) = 2*i**3 - 7*i**2 + 9*i - 50. Let m(h) = 3*h**3 - 14*h**2 + 18*h - 89. Let s(w) = 5*c(w) - 3*m(w). Give s(-8).
25
Suppose 759 - 2887 = 7*m. Let a = 310 + m. Let y(b) = b**2 - 9*b + 20. Give y(a).
2
Let u(h) = -h**2 - 7*h - 9. Let r(k) = 1. Suppose 18*q - 429 - 471 = 0. Let l = q - 49. Let a(g) = l*u(g) + 4*r(g). What is a(-5)?
5
Let o be (0 - 5) + -10 + 9. Suppose 3*z = 23 + 19. Let i(g) = 97*g - 2 + z - 96*g. Give i(o).
6
Suppose 3*c + 2*m + 2 = 0, 4*c + m = 2*c. Let z(t) = -65 + 57*t**2 - 46*t**c + 3*t + 67. Calculate z(-1).
10
Suppose 9*d - 124 = -106. Let a(j) = -5 - 33*j**2 - 3*j + 53*j**2 - 19*j**d. Determine a(-2).
5
Let j(g) be the second derivative of 5/2*g**2 + g**4 + 0 - 1/3*g**3 + 1/20*g**5 + 68*g. Give j(-12).
29
Let c(q) = 4*q**3 + 2*q**2 + q - 3. Let o(f) = -4*f**3 + 10*f**2 - 7*f + 8. Let m be o(2). Determine c(m).
39
Let r(n) = n**3 + 3*n**2 - 77*n - 54. Let j be r(-10). Let t(a) = -a**2 + 20*a - 68. Determine t(j).
-4
Suppose 3*a - 8*a = -35. Let u be (-18)/(-1) + (-57)/19. Let i(x) = -3*x**2 - u + 9 + x + 2*x**2 + 7*x. Give i(a).
1
Let t(a) = -4*a**3 - 2*a**2 + 3*a - 1. Let j(m) = 9*m**3 + 3*m**2 - 5*m + 3. Let i(c) = -3*j(c) - 7*t(c). Suppose 2*z = 435 - 447. Calculate i(z).
-2
Let c(x) = -666*x + 182. Let w(k) = -364*k + 92. Let b(q) = -6*c(q) + 11*w(q). Give b(-9).
-8
Let h(p) = -2*p - 10. Let a = 99 - 97. Suppose 0 = 2*w + a*g - 7 + 35, 2*w = 2*g - 20. What is h(w)?
14
Let s be -2*1/3*(-4 + -11). Let r be (s/4)/((-45)/(-36)). Let p(t) = -51*t**2 + 9*t + 24*t**r + 19*t**2 + t**3 - 5. Calculate p(7).
9
Suppose r + 4*c - 450 = 0, -1316 = -3*r - 9*c + 14*c. Let n(t) = -216 - t**3 + r - 216. Determine n(0).
10
Let g(x) = -5*x + 433. Let a(j) = -3*j + 366. Let l(y) = 6*a(y) - 5*g(y). What is l(-8)?
-25
Suppose 30 = -44*h + 47*h. Suppose 2*c - h = b + 2, -5*b - 33 = -c. Let j(l) = l + 11. Give j(b).
5
Let m = -5167 + 5161. Let n(s) = -s**3 - 6*s**2 - 2*s. Calculate n(m).
12
Let w(l) = -l**3 - l**2 + 3*l - 3. Suppose 11*x = 15*x - 16. Suppose -x*k = -5*k + 2. Calculate w(k).
-9
Let q(g) = g**2 + 8*g + 2. Suppose 0 = -4*x - 2*i + 8, 3*x = 2*i + 6. Suppose 163*f - 72*f - 273 = 0. Suppose x*o = f*o + 5. Determine q(o).
-13
Let k(u) = 3*u**2 + 3*u - 13. Let j be k(3). Let c(z) = -60 + z + j + 25 + 15. Give c(6).
9
Let o(j) be the first derivative of 6*j**2 - 2*j + 232. Give o(3).
34
Let s(n) = -3*n**2 + 21*n + 7. Let a be s(7). Let f(w) = -6*w - a*w + 4 - 5*w + 19*w. What is f(-8)?
-4
Let z be -4*(1 - (-12)/(-48)). Let t(q) = -13*q - 5. Calculate t(z).
34
Let g be -10*(4/10)/((-40)/50). Suppose g*z - z = -16. Let f(a) = a**3 + 6*a**2 + 5*a - 1. Give f(z).
11
Let n(d) be the second derivative of -4*d**2 + 1/2*d**4 - 4/3*d**3 + 0 + 1/20*d**5 + 20*d. Calculate n(-7).
-1
Let u(s) = 8*s - 2 - 10*s + 0*s. Let z(v) = v**3 + 17*v**2 - 18*v + 6. Let j be z(-18). Let d(m) = 2*m - 15. Let w be d(j). What is u(w)?
4
Let w(d) be the second derivative of 3*d**3/2 + 18*d**2 - 2293*d. Give w(-6).
-18
Let i(n) = 3*n + 12. Suppose -5*v = -4*x + 30, -2*x + 2*v = -x - 9. Let o(l) = -9*l - 26. Let r(u) = x*i(u) + 2*o(u). Give r(0).
8
Let z(d) = -13*d - 15. Let y(f) = -4*f - 3. Let p(i) = -7*y(i) + 2*z(i). Let b = -18 - -16. Let c be (b + 3 - -2) + 4. Give p(c).
5
Let m = 1075 + -1058. Let b(f) = f + 6. Give b(m).
23
Let i(l) = l**3 - l**2 - l - 8. Let y(x) = -9*x**3 + 4*x**2 + 5*x + 44. Let c(g) = -6*i(g) - y(g). Calculate c(-2).
-14
Let d = 2500 - 2497. Let k(j) be the second derivative of -4*j - 1/6*j**d + 0 - 1/2*j**2 + 1/2*j**4. Give k(-1).
6
Let a(k) = k**3 - 4*k**2 + 6*k - 3. Let t be a(3). Suppose 0 = -9*g + 2*g + 98. Let w(r) = 18 - g - 3 - r. Determine w(t).
-5
Let r(b) = -5*b. Suppose -3*c + 32 = -10. Suppose -2*q - 7*w = -3*w + c, 3*w + 15 = 0. Suppose 3*z = -q*z - 18. Determine r(z).
15
Let m(g) = 4*g + 72. Let s be m(-16). Let z(d) = -14*d**3 - 5*d**2 + 13*d - 3. Let x(w) = -5*w**3 - 2*w**2 + 5*w - 1. Let n(r) = s*x(r) - 3*z(r). What is n(2)?
15
Let f(b) be the second derivative of b**4/12 - b**3/2 - 3*b**2 - b. Let g = -5